e the remainder when 12159 is divided by 5362.
1435
Calculate the remainder when 872384 is divided by 62313.
2
What is the remainder when 11614 is divided by 960?
94
What is the remainder when 2640526 is divided by 22?
20
Calculate the remainder when 4374 is divided by 13.
6
Calculate the remainder when 49923 is divided by 158.
153
Calculate the remainder when 73513 is divided by 13.
11
What is the remainder when 3374 is divided by 144?
62
What is the remainder when 128020 is divided by 102?
10
What is the remainder when 12615 is divided by 95?
75
Calculate the remainder when 6393 is divided by 2069.
186
Calculate the remainder when 389 is divided by 237.
152
What is the remainder when 60375 is divided by 2235?
30
What is the remainder when 851 is divided by 256?
83
Calculate the remainder when 108166 is divided by 21613.
101
Calculate the remainder when 134673 is divided by 16831.
25
What is the remainder when 10784 is divided by 65?
59
What is the remainder when 25078 is divided by 12415?
248
Calculate the remainder when 131653 is divided by 62.
27
What is the remainder when 9475 is divided by 70?
25
Calculate the remainder when 4515 is divided by 1123.
23
What is the remainder when 35788 is divided by 226?
80
Calculate the remainder when 65191 is divided by 987.
49
Calculate the remainder when 54445 is divided by 1111.
6
What is the remainder when 8078 is divided by 7843?
235
What is the remainder when 92817 is divided by 79?
71
Calculate the remainder when 8504 is divided by 529.
40
Calculate the remainder when 27874 is divided by 146.
134
Calculate the remainder when 8306 is divided by 113.
57
What is the remainder when 3321 is divided by 330?
21
What is the remainder when 31342 is divided by 27?
22
Calculate the remainder when 35412 is divided by 47.
21
What is the remainder when 4256 is divided by 49?
42
Calculate the remainder when 3747 is divided by 162.
21
Calculate the remainder when 2332 is divided by 1118.
96
What is the remainder when 4005 is divided by 3898?
107
Calculate the remainder when 31237 is divided by 95.
77
What is the remainder when 7760 is divided by 36?
20
What is the remainder when 84984 is divided by 71?
68
What is the remainder when 11900 is divided by 3881?
257
Calculate the remainder when 1752190 is divided by 16.
14
What is the remainder when 322907 is divided by 137?
135
Calculate the remainder when 32961 is divided by 379.
367
Calculate the remainder when 10380 is divided by 416.
396
Calculate the remainder when 49225 is divided by 155.
90
Calculate the remainder when 10263 is divided by 5129.
5
Calculate the remainder when 2264 is divided by 526.
160
Calculate the remainder when 60818 is divided by 760.
18
What is the remainder when 111398 is divided by 40?
38
What is the remainder when 23494 is divided by 33?
31
What is the remainder when 406545 is divided by 101633?
13
What is the remainder when 1151 is divided by 909?
242
What is the remainder when 45516 is divided by 9090?
66
Calculate the remainder when 2183 is divided by 168.
167
What is the remainder when 137337 is divided by 45765?
42
Calculate the remainder when 1354 is divided by 127.
84
What is the remainder when 11353 is divided by 167?
164
What is the remainder when 2801 is divided by 157?
132
Calculate the remainder when 792 is divided by 202.
186
Calculate the remainder when 219319 is divided by 312.
295
Calculate the remainder when 573 is divided by 44.
1
Calculate the remainder when 46299 is divided by 23016.
267
What is the remainder when 2182 is divided by 99?
4
Calculate the remainder when 3278217 is divided by 7.
5
What is the remainder when 102656 is divided by 6?
2
What is the remainder when 92173 is divided by 56?
53
Calculate the remainder when 11307 is divided by 41.
32
What is the remainder when 22052 is divided by 7340?
32
Calculate the remainder when 93429 is divided by 349.
246
What is the remainder when 1220 is divided by 99?
32
Calculate the remainder when 58121 is divided by 108.
17
Calculate the remainder when 2796765 is divided by 162.
159
What is the remainder when 38911 is divided by 92?
87
What is the remainder when 49340 is divided by 24554?
232
What is the remainder when 8750 is divided by 4366?
18
Calculate the remainder when 38021 is divided by 123.
14
Calculate the remainder when 13129 is divided by 130.
129
Calculate the remainder when 736859 is divided by 24.
11
What is the remainder when 4787 is divided by 947?
52
Calculate the remainder when 8354 is divided by 440.
434
Calculate the remainder when 120357 is divided by 17.
14
Calculate the remainder when 151419 is divided by 6.
3
Calculate the remainder when 26862 is divided by 199.
196
What is the remainder when 84802 is divided by 142?
28
What is the remainder when 13411 is divided by 536?
11
Calculate the remainder when 336403 is divided by 37.
36
Calculate the remainder when 49032 is divided by 16338.
18
What is the remainder when 9643 is divided by 1375?
18
What is the remainder when 3265 is divided by 102?
1
What is the remainder when 15934 is divided by 161?
156
What is the remainder when 4687 is divided by 767?
85
What is the remainder when 344 is divided by 34?
4
What is the remainder when 1952 is divided by 156?
80
What is the remainder when 2006 is divided by 50?
6
What is the remainder when 20590 is divided by 6808?
166
What is the remainder when 32115 is divided by 2293?
13
What is the remainder when 1876 is divided by 461?
32
What is the remainder when 5462 is divided by 320?
22
What is the remainder when 330 is divided by 225?
105
Calculate the remainder when 87657 is divided by 22.
9
What is the remainder when 39806 is divided by 214?
2
What is the remainder when 119710 is divided by 29923?
18
What is the remainder when 217836 is divided by 329?
38
Calculate the remainder when 19164 is divided by 32.
28
What is the remainder when 130118 is divided by 65050?
18
Calculate the remainder when 15875 is divided by 5239.
158
Calculate the remainder when 7923 is divided by 7879.
44
What is the remainder when 8578 is divided by 281?
148
What is the remainder when 33620 is divided by 16804?
12
Calculate the remainder when 3360345 is divided by 16.
9
Calculate the remainder when 36884 is divided by 22.
12
Calculate the remainder when 37308 is divided by 35.
33
What is the remainder when 315 is divided by 232?
83
What is the remainder when 3705 is divided by 49?
30
What is the remainder when 44309 is divided by 503?
45
What is the remainder when 33888 is divided by 8463?
36
What is the remainder when 31993 is divided by 31970?
23
What is the remainder when 10034867 is divided by 33?
29
Calculate the remainder when 857 is divided by 409.
39
Calculate the remainder when 3867 is divided by 501.
360
What is the remainder when 10171 is divided by 2518?
99
Calculate the remainder when 258433 is divided by 55.
43
Calculate the remainder when 3267 is divided by 887.
606
What is the remainder when 1189 is divided by 144?
37
What is the remainder when 58166 is divided by 118?
110
Calculate the remainder when 696 is divided by 63.
3
What is the remainder when 8589 is divided by 258?
75
Calculate the remainder when 163248 is divided by 50.
48
Calculate the remainder when 35164 is divided by 151.
132
Calculate the remainder when 443010 is divided by 504.
498
Calculate the remainder when 16997 is divided by 1695.
47
What is the remainder when 780 is divided by 248?
36
What is the remainder when 423 is divided by 232?
191
What is the remainder when 42549 is divided by 44?
1
Calculate the remainder when 39954 is divided by 120.
114
Calculate the remainder when 480 is divided by 115.
20
What is the remainder when 3356 is divided by 156?
80
Calculate the remainder when 30770 is divided by 117.
116
What is the remainder when 1041 is divided by 356?
329
What is the remainder when 14340 is divided by 142?
140
Calculate the remainder when 1768 is divided by 468.
364
What is the remainder when 6880 is divided by 219?
91
Calculate the remainder when 5212 is divided by 287.
46
Calculate the remainder when 578 is divided by 73.
67
What is the remainder when 25730 is divided by 1341?
251
What is the remainder when 445 is divided by 65?
55
Calculate the remainder when 1246641 is d